 are the prime factors of 30038?
2, 23, 653
What are the prime factors of 2218?
2, 1109
What are the prime factors of 169?
13
List the prime factors of 30411.
3, 31, 109
What are the prime factors of 11154?
2, 3, 11, 13
List the prime factors of 947.
947
What are the prime factors of 1406?
2, 19, 37
List the prime factors of 2657.
2657
List the prime factors of 25910.
2, 5, 2591
List the prime factors of 50924.
2, 29, 439
List the prime factors of 8896.
2, 139
What are the prime factors of 20395?
5, 4079
List the prime factors of 30024.
2, 3, 139
List the prime factors of 3365.
5, 673
What are the prime factors of 11503?
11503
List the prime factors of 13613.
13613
List the prime factors of 3654.
2, 3, 7, 29
List the prime factors of 6167.
7, 881
List the prime factors of 1511.
1511
List the prime factors of 51374.
2, 17, 1511
List the prime factors of 1732.
2, 433
What are the prime factors of 14306?
2, 23, 311
List the prime factors of 5221.
23, 227
List the prime factors of 5549.
31, 179
What are the prime factors of 8421?
3, 7, 401
What are the prime factors of 15749?
15749
What are the prime factors of 21080?
2, 5, 17, 31
What are the prime factors of 1835?
5, 367
What are the prime factors of 1991?
11, 181
What are the prime factors of 7232?
2, 113
What are the prime factors of 35207?
17, 19, 109
What are the prime factors of 18589?
29, 641
What are the prime factors of 131192?
2, 23, 31
List the prime factors of 3748.
2, 937
List the prime factors of 1343.
17, 79
List the prime factors of 12444.
2, 3, 17, 61
List the prime factors of 28701.
3, 1063
List the prime factors of 323.
17, 19
What are the prime factors of 8905?
5, 13, 137
What are the prime factors of 840?
2, 3, 5, 7
List the prime factors of 4700.
2, 5, 47
List the prime factors of 12483.
3, 19, 73
What are the prime factors of 41766?
2, 3, 6961
List the prime factors of 68555.
5, 13711
List the prime factors of 15395.
5, 3079
List the prime factors of 41208.
2, 3, 17, 101
List the prime factors of 1492.
2, 373
What are the prime factors of 9369?
3, 347
List the prime factors of 5416.
2, 677
List the prime factors of 387.
3, 43
List the prime factors of 14978.
2, 7489
List the prime factors of 1255.
5, 251
What are the prime factors of 16150?
2, 5, 17, 19
List the prime factors of 10227.
3, 7, 487
What are the prime factors of 17429?
29, 601
List the prime factors of 56337.
3, 89, 211
List the prime factors of 31060.
2, 5, 1553
List the prime factors of 7235.
5, 1447
What are the prime factors of 728?
2, 7, 13
What are the prime factors of 6555?
3, 5, 19, 23
What are the prime factors of 586?
2, 293
List the prime factors of 208.
2, 13
What are the prime factors of 11357?
41, 277
List the prime factors of 22054.
2, 11027
List the prime factors of 3944.
2, 17, 29
List the prime factors of 5422.
2, 2711
What are the prime factors of 8569?
11, 19, 41
What are the prime factors of 4866?
2, 3, 811
What are the prime factors of 854?
2, 7, 61
List the prime factors of 71222.
2, 149, 239
What are the prime factors of 246?
2, 3, 41
List the prime factors of 941.
941
List the prime factors of 458.
2, 229
What are the prime factors of 43422?
2, 3, 7237
List the prime factors of 3922.
2, 37, 53
What are the prime factors of 1205?
5, 241
List the prime factors of 2502.
2, 3, 139
What are the prime factors of 55939?
13, 331
List the prime factors of 1250.
2, 5
What are the prime factors of 90637?
233, 389
List the prime factors of 24663.
3, 8221
List the prime factors of 5970.
2, 3, 5, 199
List the prime factors of 45919.
47, 977
What are the prime factors of 1896?
2, 3, 79
What are the prime factors of 111931?
173, 647
What are the prime factors of 8589?
3, 7, 409
List the prime factors of 52790.
2, 5, 5279
List the prime factors of 505.
5, 101
List the prime factors of 57514.
2, 149, 193
List the prime factors of 17220.
2, 3, 5, 7, 41
What are the prime factors of 3887?
13, 23
List the prime factors of 47752.
2, 47, 127
List the prime factors of 2882.
2, 11, 131
What are the prime factors of 9288?
2, 3, 43
What are the prime factors of 1130?
2, 5, 113
List the prime factors of 5118.
2, 3, 853
What are the prime factors of 152244?
2, 3, 4229
List the prime factors of 6622.
2, 7, 11, 43
What are the prime factors of 4472?
2, 13, 43
List the prime factors of 99528.
2, 3, 11, 13, 29
List the prime factors of 1033.
1033
List the prime factors of 78085.
5, 7, 23, 97
List the prime factors of 866.
2, 433
What are the prime factors of 129135?
3, 5, 8609
What are the prime factors of 2536?
2, 317
What are the prime factors of 7217?
7, 1031
What are the prime factors of 34281?
3, 13, 293
What are the prime factors of 3823?
3823
List the prime factors of 17274.
2, 3, 2879
List the prime factors of 15361.
15361
List the prime factors of 10877.
73, 149
What are the prime factors of 4050?
2, 3, 5
What are the prime factors of 767?
13, 59
What are the prime factors of 3281?
17, 193
List the prime factors of 963.
3, 107
List the prime factors of 1265.
5, 11, 23
List the prime factors of 5598.
2, 3, 311
What are the prime factors of 6950?
2, 5, 139
List the prime factors of 6544.
2, 409
List the prime factors of 66244.
2, 16561
What are the prime factors of 1284?
2, 3, 107
List the prime factors of 636.
2, 3, 53
What are the prime factors of 4254?
2, 3, 709
List the prime factors of 751.
751
List the prime factors of 1333.
31, 43
List the prime factors of 1259.
1259
What are the prime factors of 3216?
2, 3, 67
List the prime factors of 2138.
2, 1069
List the prime factors of 8854.
2, 19, 233
List the prime factors of 11586.
2, 3, 1931
List the prime factors of 9612.
2, 3, 89
What are the prime factors of 1290?
2, 3, 5, 43
List the prime factors of 21263.
11, 1933
What are the prime factors of 34?
2, 17
What are the prime factors of 465?
3, 5, 31
What are the prime factors of 3086?
2, 1543
What are the prime factors of 2445?
3, 5, 163
What are the prime factors of 33900?
2, 3, 5, 113
List the prime factors of 8495.
5, 1699
List the prime factors of 303.
3, 101
What are the prime factors of 2104?
2, 263
What are the prime factors of 537?
3, 179
List the prime factors of 20105.
5, 4021
What are the prime factors of 136691?
136691
What are the prime factors of 88965?
3, 5, 659
What are the prime factors of 4158?
2, 3, 7, 11
What are the prime factors of 75267?
3, 8363
List the prime factors of 12615.
3, 5, 29
What are the prime factors of 21484?
2, 41, 131
List the prime factors of 4822.
2, 2411
List the prime factors of 13389.
3, 4463
What are the prime factors of 7529?
7529
List the prime factors of 2622.
2, 3, 19, 23
List the prime factors of 2211.
3, 11, 67
What are the prime factors of 25395?
3, 5, 1693
What are the prime factors of 2973?
3, 991
List the prime factors of 14621.
14621
List the prime factors of 14.
2, 7
List the prime factors of 48250.
2, 5, 193
What are the prime factors of 15153?
3, 5051
List the prime factors of 509.
509
List the prime factors of 9455.
5, 31, 61
What are the prime factors of 16550?
2, 5, 331
What are the prime factors of 4195?
5, 839
What are the prime factors of 943?
23, 41
List the prime factors of 1538.
2, 769
What are the prime factors of 36212?
2, 11, 823
List the prime factors of 733.
733
List the prime factors of 28590.
2, 3, 5, 953
List the prime factors of 702.
2, 3, 13
What are the prime factors of 75107?
19, 59, 67
What are the prime factors of 20746?
2, 11, 23, 41
List the prime factors of 2491.
47, 53
List the prime factors of 158.
2, 79
What are the prime factors of 31643?
31643
List the prime factors of 12760.
2, 5, 11, 29
What are the prime factors of 3834?
2, 3, 71
What are the prime factors of 575?
5, 23
What are the prime factors of 2435?
5, 487
List the prime factors of 11530.
2, 5, 1153
List the prime factors of 13140.
2, 3, 5, 73
What are the prime factors of 11311?
11311
What are the prime factors of 18933?
3, 6311
List the prime factors of 19534.
2, 9767
What are the prime factors of 812?
2, 7, 29
What are the prime factors of 298?
2, 149
What are the prime factors of 149747?
13, 11519
What are the prime factors of 3335?
5, 23, 29
List the prime factors of 784.
2, 7
What are the prime factors of 10034?
2, 29, 173
List the prime factors of 1